{"id":19,"date":"2020-02-13T07:21:39","date_gmt":"2020-02-13T06:21:39","guid":{"rendered":"http:\/\/www.salvo.jetzt\/?page_id=19"},"modified":"2023-07-05T22:08:32","modified_gmt":"2023-07-05T20:08:32","slug":"impressum","status":"publish","type":"page","link":"https:\/\/www.salvo.jetzt\/?page_id=19","title":{"rendered":"Impressum"},"content":{"rendered":"\n<p>SALVO<\/p>\n\n\n\n<p>eine Unternehmung der&nbsp;<a href=\"http:\/\/www.gogreen.co.at\/\">GoGreen<\/a><br>Inhaber: Andrea Wei\u00df<\/p>\n\n\n\n<p><strong>Adresse:<\/strong><br>Kenzianweg 8<br>4780 Sch\u00e4rding (O\u00d6) \u00d6sterreich<\/p>\n\n\n\n<p>Hotline: 0664 16 44 217<br>Mail:&nbsp;<a href=\"mailto:office@gogreen.co.at\">office@gogreen.co.at<\/a><\/p>\n\n\n\n<p>UID Nr.: ATU 7098 0405<br>EORI-Nummer: ATEOS1000102562<br>Firmengericht: Ried\/Innkreis<br>Gerichtsstand lt. ECG (E-commerce Gesetz): Bezirkshauptmannschaft Sch\u00e4rding<\/p>\n\n\n\n<p>   <\/p>\n\n\n\n<figure class=\"wp-block-image size-full\"><a href=\"https:\/\/firmen.wko.at\/gogreen%2c-innovative-reiniger-%26-schmierstoffe-eu-gogreen%2c-innovativer-reiniger-%26-schmierstoffe\/ober\u00f6sterreich\/?firmaid=f73d6fd8-63f0-441f-b1b5-d060e3aedb62&amp;standortid=1108&amp;standortname=schardenberg%20%28gemeinde%29&amp;suchbegriff=gogreen\"><img loading=\"lazy\" width=\"299\" height=\"78\" src=\"http:\/\/www.salvo.jetzt\/wp-content\/uploads\/2020\/06\/WKO.png\" alt=\"\" class=\"wp-image-85\"\/><\/a><\/figure>\n\n\n\n<p><\/p>\n","protected":false},"excerpt":{"rendered":"<p>SALVO eine Unternehmung der&nbsp;GoGreenInhaber: Andrea Wei\u00df Adresse:Kenzianweg 84780 Sch\u00e4rding (O\u00d6) \u00d6sterreich Hotline: 0664 16 44 217Mail:&nbsp;office@gogreen.co.at UID Nr.: ATU 7098 0405EORI-Nummer: ATEOS1000102562Firmengericht: Ried\/InnkreisGerichtsstand lt. ECG (E-commerce Gesetz): Bezirkshauptmannschaft Sch\u00e4rding<\/p>\n","protected":false},"author":1,"featured_media":0,"parent":0,"menu_order":0,"comment_status":"closed","ping_status":"closed","template":"","meta":[],"_links":{"self":[{"href":"https:\/\/www.salvo.jetzt\/index.php?rest_route=\/wp\/v2\/pages\/19"}],"collection":[{"href":"https:\/\/www.salvo.jetzt\/index.php?rest_route=\/wp\/v2\/pages"}],"about":[{"href":"https:\/\/www.salvo.jetzt\/index.php?rest_route=\/wp\/v2\/types\/page"}],"author":[{"embeddable":true,"href":"https:\/\/www.salvo.jetzt\/index.php?rest_route=\/wp\/v2\/users\/1"}],"replies":[{"embeddable":true,"href":"https:\/\/www.salvo.jetzt\/index.php?rest_route=%2Fwp%2Fv2%2Fcomments&post=19"}],"version-history":[{"count":9,"href":"https:\/\/www.salvo.jetzt\/index.php?rest_route=\/wp\/v2\/pages\/19\/revisions"}],"predecessor-version":[{"id":127,"href":"https:\/\/www.salvo.jetzt\/index.php?rest_route=\/wp\/v2\/pages\/19\/revisions\/127"}],"wp:attachment":[{"href":"https:\/\/www.salvo.jetzt\/index.php?rest_route=%2Fwp%2Fv2%2Fmedia&parent=19"}],"curies":[{"name":"wp","href":"https:\/\/api.w.org\/{rel}","templated":true}]}}